 units digit of g?
4
Suppose i - 232 = -4*g, -33*i = -31*i - 4*g - 500. What is the tens digit of i?
4
What is the units digit of (28 + -29)/((-1)/624)?
4
Suppose 0 = -5*k - 5*u + 50, -4*k - 3*u + 0*u + 37 = 0. What is the units digit of k?
7
Suppose 11 + 5 = -4*s, 0 = 4*v - 3*s - 5524. What is the tens digit of v?
7
Suppose -2*l = k - 7, 2*l - 1 = 8*k - 3*k. Let b(j) = 2 - 4 + l*j + j - 2*j. What is the units digit of b(4)?
6
Suppose -42458 = -13*n - 13*n. What is the tens digit of n?
3
Suppose -16*l + 4578 = -2590. What is the units digit of l?
8
Suppose 5*b - 4*j - 49 = 0, 4*j = 3*b - 0*j - 23. Suppose 4*p - b - 103 = -4*u, -80 = -4*p + 5*u. What is the units digit of p?
5
Let n = 9 + -4. Suppose 3*z - 11 = -n. What is the units digit of -1 + 36/z - -3?
0
Suppose 154*p - 146*p = 4288. What is the units digit of p?
6
Suppose i + 2192 = 4*p, -2*p + 131 = i - 959. What is the units digit of p?
7
Suppose -2*b = 5*w - 4905, -2*b + 32 = 2*w - 4864. What is the thousands digit of b?
2
Let q(x) = -x**3 + 7*x**2 - 5*x - 2. Let c be q(6). Suppose 3*a - 5*a = -c. Suppose -3*i = 5*n - 81, 2*i - 2*n - a*n = 76. What is the tens digit of i?
3
Suppose -8 = 4*d - 24. Let g(q) = -q**2 + 6*q - 1. Let x be g(d). Suppose -2*v + 9 = -x. What is the units digit of v?
8
Let t be -2 + 2 + 2/(4 + -2). What is the units digit of 112 + 2/(-1) + t?
1
Suppose 5*h - 308 = -6*h. What is the units digit of h?
8
Let j(d) = 6*d**2 - 47*d - 4. Let r be j(8). Suppose 3*b - 2*s = s + 579, r*b + 5*s = 781. What is the units digit of b?
4
Let p = 285 - -112. What is the tens digit of p?
9
Let t(n) = 11*n**2 + n + 1. Let o be t(1). Suppose -2*a + o = -3. Suppose -a*q + 6*q + 26 = 0. What is the tens digit of q?
1
Let j be 0*2/(-8)*2. Let z(p) be the third derivative of -p**5/30 - p**4/24 + 14*p**3/3 - 2*p**2. What is the tens digit of z(j)?
2
Let o(i) be the third derivative of i**6/60 - i**5/10 + i**4/12 - 3*i**3/2 - 15*i**2. What is the hundreds digit of o(5)?
1
Let v = 22 - 19. Suppose q + v = 0, -g - g - 2*q + 2 = 0. What is the units digit of -4 + g/(4/39)?
5
Let h(l) = -4*l**3 + 47*l**2 - 6*l - 46. What is the units digit of h(11)?
1
Let q(y) = -y**2 - 4*y + 1. Let j be q(-3). Let p(o) = -2*o**3 + 5*o**2 + 3*o. Let u be p(j). Let a = u - -76. What is the tens digit of a?
4
Suppose 4*d = -3*o - 6, -6*d + 4*d = 0. What is the units digit of (o - -3)/((4/(-38))/(-2))?
9
Let o(h) = -18*h + 20. Let j be ((-91)/28)/(-13) - 25/4. What is the tens digit of o(j)?
2
Let z(g) = g**2 - 2*g - 6. Let d be z(4). Suppose -i + 4*m = d*i - 154, -4*m - 38 = -i. What is the units digit of i?
8
Let d(u) = 10*u - 12. Let i(q) = -q**3 + 6*q**2 - 2*q + 3. Let s be i(5). Suppose -3*z + s = -3. What is the tens digit of d(z)?
5
Let b be 5/((-20)/44)*-12. Suppose 0 = -5*d + 6*d - b. What is the hundreds digit of d?
1
Let l be ((-3)/(-7) + (-1418)/(-7))*-1. Let b = l - -336. What is the units digit of b?
3
Let j be (-8)/(-5 - -1)*1. Suppose -3*h - 18 = 2*k - 83, 3*k = -j*h + 90. What is the tens digit of k?
2
Let u(r) = r**3 - 3*r**2 + 4*r - 3. Let l be u(2). Suppose 54*n - 33*n - 777 = 0. What is the tens digit of n + (3 - (l + -1))?
4
Let g(f) = f**2 + 6*f + 5. Let a be g(-5). Suppose a = c - 4 + 24. Let u = c - -28. What is the units digit of u?
8
Suppose 0 = 4*r + 2*g - 38, 0 = -2*r - 5*g - 0*g + 23. What is the units digit of (84 + 1)*1/15*r?
1
Let y = 7 + -1. What is the tens digit of (279/y)/(1/2)?
9
Let b be (-75)/(-6) + (-2)/4. Suppose -10*k - 74 = -b*k. What is the units digit of k?
7
Let j(g) = 10 - g**2 + 17*g - 9 - 4. What is the tens digit of j(7)?
6
Suppose 5*q = -15 + 30. What is the tens digit of 24 - (q + (-21)/3)?
2
Let r be (4 + (-78)/15)*-5. Let n be (-57)/(r/(-2)) - -1. Suppose 38 = 2*q - n. What is the units digit of q?
9
Let r(v) = -12*v + 23. Let y = -120 - -104. What is the tens digit of r(y)?
1
Let i(o) = -o**3 + o**2 - o - 34. Let c be i(0). Let w = 49 + c. Suppose -l = 4*l - w. What is the units digit of l?
3
Suppose 198*o = 203*o - 1750. What is the hundreds digit of o?
3
Let f(d) = -15*d - 3. Suppose 3*j + 3*r + 54 = 0, -7*r + 8 = -2*j - 2*r. What is the units digit of f(j)?
7
Let n be -8*1*7/(-14). Suppose n*l - 5*l - 39 = -j, 0 = -3*l + 9. Suppose 2*o - k = -0*o + j, -4*o - 4*k + 84 = 0. What is the tens digit of o?
2
What is the hundreds digit of -2*75177/(-42) + (-75)/(-525)?
5
Suppose 3*c + c = a - 1, -4*c = a + 7. Let m be (8/a)/(6/36). Let k = -5 - m. What is the units digit of k?
1
Let h = 16 + -15. Let z be h*(-13)/(-1 + 2). Let g = z - -28. What is the units digit of g?
5
Suppose -w + 469 = -5*u, 4*w = -u - 2*u + 1830. Suppose t - w = -4*f, 4*f - 571 = -f - 4*t. What is the tens digit of f?
1
What is the tens digit of (18 - -416) + -1*3?
3
What is the hundreds digit of 1849/(((-30)/105)/((-8)/14))?
6
Let t be 0 + 3*(-2)/(-3). Let g(r) = 2*r**3 - 2*r + 5*r**2 - 6*r**2 - 9 + 6*r + 6. What is the tens digit of g(t)?
1
Let z = -27 + 27. Suppose -s + 5*s - 24 = z. Suppose s*c - 107 = 2*c + 3*y, 3*y = -4*c + 125. What is the tens digit of c?
2
Let j be 80/30*(1 - 1/(-2)). Suppose -2*u = 4*h - 9*h + 502, j*h - 2*u = 400. What is the tens digit of h?
0
Suppose -169*s + 153*s + 39600 = 0. What is the hundreds digit of s?
4
Suppose 0 = -93*x + 91*x + 400. What is the hundreds digit of x?
2
What is the units digit of (-14 - -121)*(-6)/(-2)?
1
Suppose 0 = 4*i + t - 0*t - 1439, 1081 = 3*i - t. What is the units digit of i?
0
Let c = 15 + -13. Let u be 4*(-1)/c + -45. Let a = u - -74. What is the tens digit of a?
2
Let p be 60/(8/4) + 0. Suppose -3*i + 221 = 5*d, -i - p = -3*d + 111. What is the tens digit of d?
4
Let i = 2695 - -222. What is the units digit of i?
7
Suppose -2*l - 5*q + 1631 = -1339, l = q + 1485. What is the units digit of l?
5
Let g(x) = -x**2 + 5*x. Let n be g(0). Suppose 6*s + 3*s - 900 = n. What is the hundreds digit of s?
1
Let b = 751 - -177. Suppose b = 4*t + 72. What is the tens digit of t?
1
Let i(t) = 66*t + 5. Let a(n) = -33*n - 2. Let v(k) = -5*a(k) - 2*i(k). What is the units digit of v(1)?
3
Suppose -70 + 6 = -h + 3*x, x = -5. Let c = -34 + h. What is the units digit of 5/c - (-52)/6?
9
Let j(v) = v**3 + 9*v**2 - 11*v - 3. Let g be j(-10). Let x = 40 - 28. Suppose x + g = a. What is the units digit of a?
9
Let g(u) = 2*u**3 + 7*u**2 + 4*u + 4. Let v be g(-3). Let n(y) = 112*y**3 - 2*y + 1. What is the tens digit of n(v)?
1
Let s = 0 - -10. Let k = 10 - 10. Let l = s + k. What is the tens digit of l?
1
Suppose -3*p + 24 = 3*p. Let q be (9/6 + -1)*p. Suppose q*b = 5*y - 300, -4*y + y + 179 = -b. What is the tens digit of y?
5
Let b(n) = -5 - 11 + 14 - 7*n**2 + 15 + n**3. What is the tens digit of b(7)?
1
Let f be (-1)/7 - 324/(-63). Suppose -446 + 1716 = 4*q + 5*v, -f*v + 950 = 3*q. What is the tens digit of q?
2
Let w(k) = k**3 + 10*k**2 - 3*k - 4. Let y be w(-7). Suppose -2*s - 2*s = -y. What is the tens digit of s?
4
Let j(n) = 5 + 39*n - 16*n - n**2 + 3. What is the tens digit of j(17)?
1
Let m(n) = n**3 - 28*n**2 + 122*n - 10. What is the hundreds digit of m(25)?
1
Let z(v) = -3*v - 6. Let o be z(-6). Suppose 0 = 7*l - o*l + 310. What is the tens digit of l?
6
Suppose -m = -5*y + 10, -5*y + 0*y - 10 = -5*m. Suppose -5*r + 47 = -y. Let g = r - 8. What is the units digit of g?
2
Let d(w) = w**3 - 5*w**2 + w - 5. Let b be d(5). Suppose -5*y + 100 = -5*v, -y - 44 = v + 4*y. Let n = b - v. What is the tens digit of n?
2
Let i(a) = -102*a - 6. Suppose 6*d = 5*d - 7. Let w be i(d). What is the units digit of w/22 - (-16)/(-88)?
2
Suppose 4*t - 2*o = 1560 - 136, 4*t - 1428 = 3*o. What is the units digit of t?
4
Suppose 0 = 2*q + 5*x + 25, -5*q = 3*x + 6 + 9. Let f = -29 + 23. Let l = q - f. What is the units digit of l?
6
Let g(f) = 4*f**3 + 5*f**2 - 17*f + 29. What is the units digit of g(5)?
9
What is the tens digit of 2 + (-84)/40 - 181657/(-70)?
9
Let o(s) = s**2 - 2*s - 4. Let m be o(0). Let u(h) = 13*h**2 - 5*h - 4. What is the units digit of u(m)?
4
Let s = -26 + 60. Let g = s - 14. What is the tens digit of g?
2
Suppose 0 = -6*s - 5953 + 19603. What is the tens digit of s?
7
Suppose -108 = 8*i - 5*i. Let m = i - -56. What is the units digit of m?
0
Let o(d) = d**3 - 20*d**2 - 15*d - 53. What is the hundreds digit of o(22)?
5
Let a be 1